highest common factor of f and d?
35
Let y be ((-42)/8)/((-3)/204). Let s = 364 - y. Calculate the greatest common divisor of 119 and s.
7
Suppose 12*h - 110 = h. Suppose 9*o = 2*g + 5*o - 58, 81 = 3*g - 3*o. What is the greatest common factor of g and h?
5
Let b(g) = -13*g**2 - 8*g + 17*g + g**3 + 4*g - 10. Let n be b(12). Suppose 0 = 5*w + 5, 0*w - 40 = -r - n*w. What is the highest common divisor of 6 and r?
6
Let o = -214 + 231. Suppose 5*g = -o*g + 726. Calculate the highest common divisor of g and 264.
33
Suppose 125 - 119 = 3*u. Let t be (-15)/(((-15)/u)/15). Calculate the greatest common divisor of 40 and t.
10
Suppose 2*x = -5*z + 1002, 0 = 5*z + 7*x + 5*x - 912. Calculate the highest common factor of 20298 and z.
102
Let p = 101 + -71. Let g = 2846 + -2796. Calculate the greatest common factor of g and p.
10
Let f(m) = 19*m**2 - 7*m - 71. Let t be f(8). What is the highest common divisor of 18 and t?
9
Let v(d) = -d**2 + d - 1. Let n(c) = 3*c + 20. Let q(m) = -n(m) - 2*v(m). Let a be q(-4). Let i = a + -1. Calculate the greatest common divisor of i and 165.
33
Suppose 122 = -2*l - 5*n + 397, -4*l + 3*n = -511. Suppose 1812 = -83*j + 7622. What is the greatest common divisor of l and j?
10
Let y be (16/14)/((-12)/(-42)). Suppose -u = -6*l + 7*l - 11, -y*u = 0. Let x be ((-2)/(-4))/(1/22). What is the greatest common divisor of l and x?
11
Suppose 2*b - 5*f - 64 = 0, -2*f = 5*b - 3*f - 160. Let r = b - 22. Suppose 34*k - 1568 = -548. Calculate the highest common divisor of r and k.
10
Suppose -71*m + 61*m + 3390 = 0. Let g = m - 204. What is the greatest common divisor of 81 and g?
27
Suppose 18*d - 40 = 122. Let u be 15*(-1 + 33/d). Calculate the greatest common divisor of u and 440.
40
Let g = 14 + 57. Let p(s) = -s**2 - 29*s - 88. Let v be p(-22). Suppose 0 = v*u - g*u + 5. Calculate the highest common factor of u and 3.
1
Let h(d) be the third derivative of -3*d**6/10 - 2*d**5/15 - 11*d**4/24 - d**3/3 + d**2 - 8. Let v be h(-2). Calculate the greatest common divisor of v and 12.
12
Suppose -2*g - 3*c + 17 = 0, -2*g - 3*g + c + 17 = 0. Let q be 28/(0 + g)*(-1 - -2). What is the highest common factor of q and 14?
7
Let z = -113 - -199. Suppose n - 16 = -3*i, 2*i - 22 + z = 2*n. Calculate the greatest common factor of n and 644.
28
Suppose -13*n + 11056 = -9*n - 4*r, -5*n = -4*r - 13822. What is the highest common divisor of 6 and n?
6
Suppose -2*o = -7*o, -5*y + 600 = 3*o - 2*o. Calculate the greatest common factor of 744 and y.
24
Let o(j) = -7*j**2 - 17*j - 30. Let f(t) = t**2 + 1. Let q(d) = -4*f(d) - o(d). Let u be q(-6). What is the highest common divisor of u and 2?
2
Let m = -3108 + 4180. What is the greatest common factor of m and 64?
16
Let q(l) = 8*l**2 + 377*l - 110. Let a be q(-50). What is the highest common divisor of 195 and a?
65
Suppose 2*q + 642 = -32*a + 37*a, 5*q = -3*a + 348. What is the highest common factor of 9366 and a?
42
Let z(j) = 6*j**3 - 2*j**2 - 10*j + 10. Let y(t) = -10*t - 76. Let g be y(-8). Let v be z(g). What is the highest common factor of 14 and v?
14
Suppose 0 = -4*v + 4*d - 4, -4*d + 6 = -d. Let o be 8 + (7 + -8)/v. What is the greatest common factor of o and 707?
7
Let l = 115 - -28. Let v = 146 - l. Suppose -3*k + x + v*x = -899, -3*k = 4*x - 883. What is the highest common divisor of k and 33?
33
Suppose -30 = -31*w + 25*w. Suppose -4*g - w*r = 9 - 6, -g + 18 = -5*r. What is the highest common factor of g and 8?
1
Let t = -2994 - -3046. Calculate the greatest common factor of 234 and t.
26
Let l(r) = -14*r + 54 + 4*r + r**2 - 4*r. Let k be l(11). Calculate the greatest common divisor of 336 and k.
21
Suppose -23 = -2*q + 14*p - 9*p, 0 = 2*p - 2. Let v = -516 + 838. Calculate the greatest common divisor of q and v.
14
Let r = -20828 + 24766. What is the highest common factor of r and 22?
22
Let s(w) = w**3 + 30*w**2 - 36*w - 100. Let c be s(-31). Let j be (c/(-5) - -3)*-44. What is the greatest common factor of 44 and j?
44
Suppose p = -4, 575 = w + 5*p + 300. What is the highest common factor of 177 and w?
59
Let o(m) = m**3 + m**2 + 10. Let s be o(0). Suppose -4*j = -38 + s. Let u(p) = 35*p + 343. Let x be u(-8). Calculate the greatest common divisor of j and x.
7
Let w be 246792/4641 - (-6)/(-34). Let f = 377 + -218. What is the highest common divisor of w and f?
53
Let k be 6/8 - (3/(-4))/3. Let m be (28 - 0) + 8/k + -8. Calculate the highest common divisor of 28 and m.
28
Let b(p) = -495*p + 536*p + 1 + 6*p**2 - 17. Let k be b(-8). Calculate the greatest common factor of 280 and k.
40
Suppose -2*p - 156 - 530 = 0. Let y = -310 - p. Calculate the highest common divisor of y and 132.
33
Let o = 19 - 19. Suppose -2*s = 2*a + 64, -4*s + 3*s + 5 = o. Let l be 6/((-18)/a) + (-1)/3. What is the highest common factor of l and 6?
6
Let k = 4822 + -4759. What is the highest common factor of 154 and k?
7
Suppose -4*j + 639 = 5*p, j - 157 = 52*p - 56*p. Suppose -4*u - 3*b + 6*b = -104, 5*u - 5*b - 135 = 0. What is the greatest common divisor of u and j?
23
Suppose -14*a - 41 + 419 = 0. Suppose 20*d = 19*d + a. What is the greatest common divisor of 54 and d?
27
Let z be (24/14)/(495920/(-18368) - -27). What is the highest common divisor of z and 902?
82
Let k = -6217 - -16265. Calculate the greatest common factor of k and 157.
157
Let h = 1798 - 1756. Suppose 2*c = 2*t + 670, -3*t - t = -3*c + 1004. Calculate the greatest common divisor of c and h.
42
Suppose 4*w - 92*a = -91*a + 417, -4*a = 5*w - 516. Calculate the greatest common factor of 806 and w.
26
Let f be -4 + 1 - 87/(-6)*-4. Let t = 106 + f. What is the greatest common divisor of t and 15?
15
Suppose 0 = g - 2, -1310 = -0*w - 5*w + 5*g. Let t = 3788 + -3764. Calculate the highest common factor of t and w.
24
Let m(f) = -f**3 + 24*f**2. Let z be m(24). Suppose z = 3*k - k - 4. Let d be 32/12 + k/6. What is the highest common divisor of d and 2?
1
Suppose 4*t + 10*o - 4 = 6*o, 3*o = 5*t + 19. Let p(x) = -3*x**3 + 4*x**2 - x - 5. Let n be p(t). What is the highest common factor of n and 333?
37
Let q = 0 + 1. Let n be ((-160)/24)/(2/30). Let p be -5*8/n*5. What is the highest common factor of p and q?
1
Let l(a) = -a**3 - 12*a**2 - 16*a - 17. Let m be l(-11). Suppose -113 = -5*c - m. Calculate the highest common divisor of c and 405.
15
Let v be (-6)/9 - (-580)/6. Let u(p) = 88*p**2 - 445*p + 43. Let w be u(5). What is the greatest common divisor of v and w?
6
Suppose -5*l = 3*h - 802, 5*h + l = -0*l + 1300. Suppose 6*d - 7 = 5*d. What is the highest common factor of h and d?
7
Suppose 645610 = 119*c + 282*c. Calculate the greatest common divisor of 70 and c.
70
Let w(m) = -397*m + 137. Let t be w(-10). Suppose 58*q = 7377 + t. Calculate the highest common divisor of q and 44.
22
Suppose 12*g - 8*g = 4. Let u be -214 - (g*3 + (14 - 15)). Let l be u*(15/(-6) + 12/6). Calculate the greatest common divisor of l and 72.
36
Let z be -1*(-135)/(-10)*-38. Suppose -20*g = -z - 27. Calculate the greatest common divisor of 1053 and g.
27
Let a(f) = 45*f**2 + 28*f + 29. Let p be a(-11). What is the greatest common factor of 9 and p?
9
Let u(t) = -2*t + 16. Suppose 7*m = 10*m. Let b(o) = -o**3 + o**2 + 2*o + 6. Let j be b(m). Let a be u(j). Calculate the highest common divisor of a and 44.
4
Let g be 6/(-21) + (-516)/(-42). Let s = 147 + -115. Suppose s = 9*j - 5*j. What is the highest common divisor of j and g?
4
Let q = -4 - 231. Let o be (-1)/(-3 - 700/q). Let l = 53 - o. Calculate the greatest common factor of 24 and l.
6
Let s be ((-8)/(-14))/((-27)/(-189)). Suppose s*m = -3*r + 220, -5*m - 355 = r - 6*r. Calculate the highest common factor of r and 84.
12
Let f = 9757 + -9700. Let s be ((-68)/(-8))/(0 + 2/76). Calculate the greatest common factor of s and f.
19
Suppose 67*f - 512185 + 210419 - 344114 = 0. Calculate the greatest common factor of f and 40.
40
Let y(l) = 29078*l + 156. Let i be y(1). Calculate the highest common factor of 94 and i.
94
Let n = -83 - -133. Let m be 28/1 - (24 + 509)/41. What is the greatest common factor of n and m?
5
Suppose -20 = 7*z - 11*z. Let i be 282/z + (-15)/(-25). What is the greatest common divisor of 133 and i?
19
Let v = -4173 - -7522. Calculate the greatest common divisor of 34 and v.
17
Let g be (-2)/